{"id":5592,"date":"2016-12-05T09:17:34","date_gmt":"2016-12-05T09:17:34","guid":{"rendered":"http:\/\/demo.wpzoom.com\/inspiro\/?page_id=5592"},"modified":"2025-02-05T10:29:32","modified_gmt":"2025-02-05T09:29:32","slug":"about","status":"publish","type":"page","link":"https:\/\/zegaray.fr\/index.php\/about\/","title":{"rendered":"La team"},"content":{"rendered":"<div style=\"height:100px\" aria-hidden=\"true\" class=\"wp-block-spacer\"><\/div><div class=\"wp-block-group has-global-padding is-layout-constrained wp-container-core-group-is-layout-3a820303 wp-block-group-is-layout-constrained\" style=\"padding-right:var(--wp--preset--spacing--small);padding-left:var(--wp--preset--spacing--small)\"><div class=\"wp-block-columns is-layout-flex wp-container-core-columns-is-layout-28f84493 wp-block-columns-is-layout-flex\"><div class=\"wp-block-column is-layout-flow wp-block-column-is-layout-flow\"><figure class=\"wp-block-image size-full\"><img loading=\"lazy\" decoding=\"async\" width=\"768\" height=\"1024\" src=\"https:\/\/zegaray.fr\/wp-content\/uploads\/2025\/02\/Clem-1024.png\" alt=\"\" class=\"wp-image-7068\" srcset=\"https:\/\/zegaray.fr\/wp-content\/uploads\/2025\/02\/Clem-1024.png 768w, https:\/\/zegaray.fr\/wp-content\/uploads\/2025\/02\/Clem-1024-225x300.png 225w\" sizes=\"auto, (max-width: 768px) 100vw, 768px\" \/><\/figure>\n\n<h3 class=\"wp-block-heading\">Clem<\/h3>\n\n<p class=\"has-tertiary-color has-text-color has-link-color wp-elements-ef67c8776ddb1e5298c74b7ccab48efe\">Chanteur, Parolier<\/p>\n\n<p>Chanteur charismatique qui captive l\u2019auditoire avec sa voix puissante et expressive. Dot\u00e9 d\u2019une grande pr\u00e9sence sc\u00e9nique, Clem transmet les \u00e9motions des chansons avec passion et authenticit\u00e9. Son timbre unique et sa capacit\u00e9 \u00e0 transmettre des histoires \u00e0 travers sa voix font de lui un frontman inoubliable.<\/p><\/div>\n\n<div class=\"wp-block-column is-layout-flow wp-block-column-is-layout-flow\"><figure class=\"wp-block-image size-full\"><img loading=\"lazy\" decoding=\"async\" width=\"768\" height=\"1024\" src=\"https:\/\/zegaray.fr\/wp-content\/uploads\/2025\/02\/Emma-1024.png\" alt=\"\" class=\"wp-image-7069\" srcset=\"https:\/\/zegaray.fr\/wp-content\/uploads\/2025\/02\/Emma-1024.png 768w, https:\/\/zegaray.fr\/wp-content\/uploads\/2025\/02\/Emma-1024-225x300.png 225w\" sizes=\"auto, (max-width: 768px) 100vw, 768px\" \/><\/figure>\n\n<h3 class=\"wp-block-heading has-black-color has-text-color\">Emma<\/h3>\n\n<p class=\"has-tertiary-color has-text-color has-link-color wp-elements-6cebcfa3b950ea1e2226c27fb94f6bf0\">Guitariste, Choriste, Compositrice<\/p>\n\n<p>Guitariste, compositrice talentueuse, elle apporte sa cr\u00e9ativit\u00e9 et sa sensibilit\u00e9 \u00e0 la musique du groupe. Ses compositions captivantes et ses harmonies vocales envo\u00fbtantes ajoutent une profondeur \u00e9motionnelle aux chansons. Avec sa guitare m\u00e9lodique et ses talents de chant, Emma apporte une touche f\u00e9minine et une dynamique unique au groupe.<\/p><\/div>\n\n<div class=\"wp-block-column is-layout-flow wp-block-column-is-layout-flow\"><figure class=\"wp-block-image size-full\"><img loading=\"lazy\" decoding=\"async\" width=\"768\" height=\"1024\" src=\"https:\/\/zegaray.fr\/wp-content\/uploads\/2025\/02\/Marion-1024.png\" alt=\"\" class=\"wp-image-7070\" style=\"object-fit:cover\" srcset=\"https:\/\/zegaray.fr\/wp-content\/uploads\/2025\/02\/Marion-1024.png 768w, https:\/\/zegaray.fr\/wp-content\/uploads\/2025\/02\/Marion-1024-225x300.png 225w\" sizes=\"auto, (max-width: 768px) 100vw, 768px\" \/><\/figure>\n\n<h3 class=\"wp-block-heading\">Marion<\/h3>\n\n<p class=\"has-tertiary-color has-text-color has-link-color wp-elements-fee560e78d529897c2411afee605e96c\">Batteuse<\/p>\n\n<p>Marion est la batteuse \u00e9nergique qui donne le rythme au groupe. Passionn\u00e9e par la batterie depuis son plus jeune \u00e2ge, elle est connue pour son jeu puissant et son sens inn\u00e9 du groove. Avec ses grooves percutants et sa pr\u00e9cision rythmique, Marion apporte une intensit\u00e9 irr\u00e9sistible \u00e0 chaque performance du groupe.<\/p><\/div><\/div>\n\n<div style=\"height:100px\" aria-hidden=\"true\" class=\"wp-block-spacer\"><\/div><\/div><div class=\"wp-block-group has-global-padding is-layout-constrained wp-container-core-group-is-layout-3a820303 wp-block-group-is-layout-constrained\" style=\"padding-right:var(--wp--preset--spacing--small);padding-left:var(--wp--preset--spacing--small)\"><div class=\"wp-block-columns is-layout-flex wp-container-core-columns-is-layout-28f84493 wp-block-columns-is-layout-flex\"><div class=\"wp-block-column is-layout-flow wp-block-column-is-layout-flow\"><figure class=\"wp-block-image size-full\"><img loading=\"lazy\" decoding=\"async\" width=\"768\" height=\"1024\" src=\"https:\/\/zegaray.fr\/wp-content\/uploads\/2025\/02\/Steph-1024.png\" alt=\"\" class=\"wp-image-7074\" srcset=\"https:\/\/zegaray.fr\/wp-content\/uploads\/2025\/02\/Steph-1024.png 768w, https:\/\/zegaray.fr\/wp-content\/uploads\/2025\/02\/Steph-1024-225x300.png 225w\" sizes=\"auto, (max-width: 768px) 100vw, 768px\" \/><\/figure>\n\n<h3 class=\"wp-block-heading\">Steph<\/h3>\n\n<p class=\"has-tertiary-color has-text-color has-link-color wp-elements-601ff9e5c3242fa796bd332a4e939953\">Bassiste<\/p>\n\n<p>Description Steph<\/p><\/div>\n\n<div class=\"wp-block-column is-layout-flow wp-block-column-is-layout-flow\"><figure class=\"wp-block-image size-full\"><img loading=\"lazy\" decoding=\"async\" width=\"768\" height=\"1024\" src=\"https:\/\/zegaray.fr\/wp-content\/uploads\/2025\/02\/Pascal-1024.png\" alt=\"\" class=\"wp-image-7075\" srcset=\"https:\/\/zegaray.fr\/wp-content\/uploads\/2025\/02\/Pascal-1024.png 768w, https:\/\/zegaray.fr\/wp-content\/uploads\/2025\/02\/Pascal-1024-225x300.png 225w\" sizes=\"auto, (max-width: 768px) 100vw, 768px\" \/><\/figure>\n\n<h3 class=\"wp-block-heading\">Pascal<\/h3>\n\n<p class=\"has-tertiary-color has-text-color has-link-color wp-elements-8a078690c2aae284bb8fe51dc895ee3f\">Guitariste<\/p>\n\n<p>Description Pascal<\/p><\/div>\n\n<div class=\"wp-block-column is-layout-flow wp-block-column-is-layout-flow\"><figure class=\"wp-block-image size-full\"><img loading=\"lazy\" decoding=\"async\" width=\"768\" height=\"1024\" src=\"https:\/\/zegaray.fr\/wp-content\/uploads\/2025\/02\/Phil-1024.png\" alt=\"\" class=\"wp-image-7076\" srcset=\"https:\/\/zegaray.fr\/wp-content\/uploads\/2025\/02\/Phil-1024.png 768w, https:\/\/zegaray.fr\/wp-content\/uploads\/2025\/02\/Phil-1024-225x300.png 225w\" sizes=\"auto, (max-width: 768px) 100vw, 768px\" \/><\/figure>\n\n<h3 class=\"wp-block-heading\">Phil<\/h3>\n\n<p class=\"has-tertiary-color has-text-color has-link-color wp-elements-c79b16b802f3b40453a8ecfce77015a2\">Saxophoniste, Clavi\u00e9riste<\/p>\n\n<p>Description Phil<\/p><\/div><\/div>\n\n<div style=\"height:100px\" aria-hidden=\"true\" class=\"wp-block-spacer\"><\/div><\/div>","protected":false},"excerpt":{"rendered":"<p>Clem Chanteur, Parolier Chanteur charismatique qui captive l\u2019auditoire avec sa voix puissante et expressive. Dot\u00e9 d\u2019une grande pr\u00e9sence sc\u00e9nique, Clem transmet les \u00e9motions des chansons avec passion et authenticit\u00e9. Son timbre unique et sa capacit\u00e9 \u00e0 transmettre des histoires \u00e0 travers sa voix font de lui un frontman inoubliable. Emma Guitariste, Choriste, Compositrice Guitariste, compositrice &hellip; <\/p>\n<p class=\"link-more\"><a href=\"https:\/\/zegaray.fr\/index.php\/about\/\" class=\"more-link\">Lire la suite de<span class=\"screen-reader-text\">\u00ab\u00a0La team\u00a0\u00bb<\/span><\/a><\/p>\n","protected":false},"author":1,"featured_media":0,"parent":0,"menu_order":0,"comment_status":"closed","ping_status":"closed","template":"page-templates\/full-width-no-title.php","meta":{"footnotes":""},"class_list":["post-5592","page","type-page","status-publish","hentry"],"featured_media_urls":[],"_links":{"self":[{"href":"https:\/\/zegaray.fr\/index.php\/wp-json\/wp\/v2\/pages\/5592","targetHints":{"allow":["GET"]}}],"collection":[{"href":"https:\/\/zegaray.fr\/index.php\/wp-json\/wp\/v2\/pages"}],"about":[{"href":"https:\/\/zegaray.fr\/index.php\/wp-json\/wp\/v2\/types\/page"}],"author":[{"embeddable":true,"href":"https:\/\/zegaray.fr\/index.php\/wp-json\/wp\/v2\/users\/1"}],"replies":[{"embeddable":true,"href":"https:\/\/zegaray.fr\/index.php\/wp-json\/wp\/v2\/comments?post=5592"}],"version-history":[{"count":19,"href":"https:\/\/zegaray.fr\/index.php\/wp-json\/wp\/v2\/pages\/5592\/revisions"}],"predecessor-version":[{"id":7090,"href":"https:\/\/zegaray.fr\/index.php\/wp-json\/wp\/v2\/pages\/5592\/revisions\/7090"}],"wp:attachment":[{"href":"https:\/\/zegaray.fr\/index.php\/wp-json\/wp\/v2\/media?parent=5592"}],"curies":[{"name":"wp","href":"https:\/\/api.w.org\/{rel}","templated":true}]}}